 a multiple of 6?
False
Is 36494415 a multiple of 5?
True
Is 6359388 a multiple of 692?
False
Is 3678052608 a multiple of 48?
True
Is 3262160684 a multiple of 5878?
True
Is 16 a factor of 10016552?
False
Is 428 a factor of 28352004?
True
Is 19 a factor of 4080003?
True
Is 1882 a factor of 1840596?
True
Is 270 a factor of 147645872?
False
Does 17 divide 522034745?
False
Is 772661598 a multiple of 12?
False
Is 233 a factor of 17503696?
False
Is 3113648 a multiple of 46?
True
Is 159549836 a multiple of 1594?
True
Does 176 divide 20827350?
False
Is 289 a factor of 207390446?
True
Does 46 divide 107326694?
True
Does 17 divide 2637194572?
False
Is 1976667 a multiple of 15?
False
Does 478 divide 37178840?
True
Is 16 a factor of 112145324?
False
Does 200 divide 54861472?
False
Is 740974354 a multiple of 13?
False
Is 646 a factor of 79936040?
True
Is 38 a factor of 3235919488?
True
Is 143 a factor of 292501066?
True
Is 2420177053 a multiple of 1500?
False
Does 771 divide 45807878?
False
Is 201322733 a multiple of 115?
False
Is 16980625 a multiple of 4?
False
Is 49966061 a multiple of 117?
False
Does 81 divide 65300661?
True
Does 179 divide 28173347?
True
Is 2172 a factor of 1636317468?
True
Is 5959380 a multiple of 49?
True
Does 199 divide 7976318?
True
Is 436218949 a multiple of 13?
False
Does 236 divide 76102714?
False
Is 8774778 a multiple of 6?
True
Does 5 divide 21233535?
True
Is 104 a factor of 271078826?
False
Does 15521 divide 1790999232?
True
Is 1401 a factor of 643375626?
True
Does 87 divide 6592077?
True
Is 72197705 a multiple of 48?
False
Does 648 divide 3860479440?
True
Is 24967138 a multiple of 913?
False
Is 42 a factor of 259838502?
True
Is 839 a factor of 1836868006?
True
Is 129762240 a multiple of 1264?
True
Is 95899169 a multiple of 168?
False
Is 199943412 a multiple of 74?
True
Is 36 a factor of 143529336?
True
Is 2154 a factor of 144379328?
False
Is 132 a factor of 308850036?
True
Is 762803202 a multiple of 24?
False
Is 23804841 even?
False
Does 5781 divide 132679731?
True
Does 362 divide 2326398671?
False
Does 12 divide 1536737868?
True
Does 11 divide 1465539304?
False
Is 11984 a factor of 2362675459?
False
Is 163863272 a multiple of 8?
True
Is 8 a factor of 139917?
False
Is 2238 a factor of 757721339?
False
Does 72 divide 9457336?
False
Is 868033183 a multiple of 16?
False
Is 132834394 a multiple of 1942?
False
Does 21 divide 7798077?
True
Is 1097990322 a multiple of 34?
True
Is 77463544 a multiple of 68?
False
Is 412 a factor of 17490636?
True
Is 2157 a factor of 61178991?
True
Does 1199 divide 13480537?
False
Does 164 divide 263399747?
False
Is 45899628 a multiple of 308?
False
Is 68276201 a multiple of 183?
False
Is 17 a factor of 127974028?
True
Is 154711897 a multiple of 6117?
False
Is 59 a factor of 135892281?
True
Is 3030100 a multiple of 25?
True
Does 1632 divide 137073312?
True
Does 61 divide 6981999?
True
Is 8398 a factor of 463317660?
True
Is 82 a factor of 130332194?
True
Is 3 a factor of 55555074?
True
Is 46923295 a multiple of 619?
True
Is 2150013144 a multiple of 24?
True
Is 1054 a factor of 1709644084?
False
Is 76332417 a multiple of 10?
False
Is 414609954 a multiple of 66?
True
Is 414 a factor of 360602160?
False
Is 508604855 a multiple of 11?
True
Does 2454 divide 2410991196?
True
Does 120 divide 1480080120?
True
Does 6 divide 13816860?
True
Is 6 a factor of 17682894?
True
Is 17 a factor of 1742630458?
True
Is 121 a factor of 1504998?
True
Is 367980716 a multiple of 1249?
False
Is 21 a factor of 27079555?
False
Is 371 a factor of 77381022?
False
Does 5 divide 41864310?
True
Is 53219616 a multiple of 48?
True
Is 18 a factor of 155605950?
True
Is 359098481 a multiple of 17?
False
Is 2 a factor of 451263066?
True
Is 98 a factor of 38109064?
True
Is 564526721 a multiple of 12?
False
Is 14 a factor of 133371280?
True
Does 396 divide 41848884?
True
Is 3222 a factor of 204368238?
True
Is 37306587 a multiple of 40?
False
Does 2 divide 438116?
True
Is 954231570 a multiple of 2122?
True
Is 81 a factor of 302167908?
True
Does 101 divide 3445709585?
False
Does 991 divide 23382645?
True
Is 2343 a factor of 1006224780?
True
Does 17 divide 5967366?
False
Is 18 a factor of 1692937843?
False
Is 781 a factor of 414165253?
False
Is 80 a factor of 2840127?
False
Is 575976688 a multiple of 255?
False
Is 810 a factor of 309329280?
True
Is 170678622 a multiple of 59?
True
Is 49 a factor of 29877652?
True
Is 121592037 a multiple of 1388?
False
Is 672846273 a multiple of 4?
False
Does 115 divide 24372378?
False
Is 1157659980 a multiple of 1212?
True
Is 16 a factor of 63265888?
True
Is 307 a factor of 159792?
False
Is 68 a factor of 588595292?
False
Does 3091 divide 33444445?
False
Is 254941731 a multiple of 11?
True
Is 8741115 a multiple of 1017?
True
Does 16 divide 49482465?
False
Is 2506 a factor of 29243120?
False
Is 52 a factor of 60772625?
False
Does 84 divide 270984605?
False
Does 906 divide 20830752?
True
Is 8086208 a multiple of 416?
True
Does 466 divide 18627884?
True
Does 29 divide 70837198?
True
Does 19 divide 121647006?
True
Does 476 divide 72443392?
True
Does 9 divide 47147481?
True
Does 104 divide 11678522?
False
Is 12429271 a multiple of 130?
False
Does 2864 divide 147957104?
True
Is 263 a factor of 1323622602?
False
Is 24 a factor of 16558861?
False
Is 29 a factor of 104732204?
False
Is 901366080 a multiple of 12?
True
Does 874 divide 16829899?
False
Is 43444716 a multiple of 12?
True
Is 46442218 a multiple of 108?
False
Is 157 a factor of 26289911?
False
Is 93312819 a multiple of 9?
True
Is 1513 a factor of 67089446?
True
Is 160 a factor of 1449408860?
False
Is 7 a factor of 515310663?
True
Is 73118581 a multiple of 3692?
False
Is 3 a factor of 74945635?
False
Is 681244915 a multiple of 43?
True
Is 48005562 a multiple of 1199?
True
Is 1996958401 a multiple of 164?
False
Does 104 divide 149750556?
False
Is 820 a factor of 13600520?
True
Is 89058960 a multiple of 720?
True
Does 921 divide 5288798292?
True
Does 47 divide 1185176921?
False
Is 36650625 a multiple of 1777?
True
Is 218 a factor of 81043594?
False
Is 5 a factor of 33635690?
True
Is 244958184 a multiple of 5784?
True
Is 197913280 a multiple of 61?
True
Is 130384918 a multiple of 399?
False
Is 55376440 a multiple of 70?
True
Does 76 divide 14906684?
False
Is 372 a factor of 15598332?
True
Does 3476 divide 144586246?
False
Is 8306 a factor of 277797701?
False
Is 115 a factor of 41242081?
False
Is 4460533290 a multiple of 1094?
False
Is 1350 a factor of 1692590850?
True
Is 6478 a factor of 332800772?
True
Is 270 a factor of 81953100?
True
Does 8 divide 354231376?
True
Is 548578084 a multiple of 80?
False
Is 12403985 a multiple of 55?
True
Is 1034873700 a multiple of 28?
True
Is 1321690337 a multiple of 137?
False
Does 2454 divide 1171490520?
True
Does 16 divide 1648352?
True
Is 179560420 a multiple of 142?
True
Is 44320207 a multiple of 37?
False
Is 72927410 a multiple of 2078?
True
Does 7034 divide 2928795818?
True
Does 740 divide 40219740?
True
Is 2863 a factor of 913219699?
True
Is 59502709 a multiple of 57?
False
Is 1046 a factor of 72870636?
True
Does 4 divide 495813860?
True
Is 7222513829 a multiple of 1363?
True
Is 3025862739 a multiple of 2393?
False
Is 26 a factor of 103856143?
False
Is 2997659882 a multiple of 14?
True
Does 623 divide 253222088?
True
Is 44163312 a multiple of 2202?
True
Does 112 divide 3070952976?
True
Is 1747 a factor of 29477261?
False
Does 34 divide 228367154?
True
Is 269537575 a multiple of 5?
True
Is 8272607 a multiple of 171?
False
Is 66 a factor of 542850?
True
Is 14 a factor of 91832496?
True
Is 1640312178 a multiple of 259?
False
Is 1273309945 a multiple of 790?
False
Is 69045055 a multiple of 19?
False
Is 234966356 a multiple of 379?
True
Does 217 divide 2477221873?
True
Is 168702429 a multiple of 2520?
False
Does 8 divide 5427884562?
False
Does 388 divide 21691184?
False
Is 1066856758 a multiple of 535?
False
Does 72 divide 291335168?
False
Is 443979300 a multiple of 1084?
True
Is 21843140 a multiple of 172?
True
Is 3413948025 a multiple of 475?
True
Is 198 a factor of 38923266?
False
Is 266 a factor of 7608398?
True
Does 3682 divide 606591090?
True
Is 7 a factor of 220278154?
False
Is 1406347836 a multiple of 519?
False
Do